*3 - 3*r**2 - 4*r + 4. Let x be h(4). Let q be o(x). What is the highest common factor of 4 and q?
4
Suppose -42*h - 50575 = -480655. Calculate the highest common factor of h and 120.
40
Let a be 26*(4/6)/(-2)*-21. Let y = a - 89. Let z = -61 + y. What is the highest common factor of 8 and z?
8
Suppose -4*t + 71 = 55. Suppose -5*x + p = -43 + 7, -t*x + p = -29. Suppose -x*g + 31 - 17 = 0. What is the highest common factor of 34 and g?
2
Let r(q) = 10*q**2 - 56*q + 52. Let n be r(5). What is the highest common divisor of n and 2035?
11
Suppose 0 = 3*a - 2*k - 557, 0 = -5*a - 34*k + 31*k + 922. What is the highest common factor of 115 and a?
5
Let a(h) = h**2 + 26*h - 39. Let w = -72 - -37. Let g be a(w). Calculate the greatest common factor of 12 and g.
12
Let s = -4044 + 5549. Calculate the highest common divisor of 25 and s.
5
Suppose 2*h = -k + 2, 2*h + 34 + 4 = 3*k. Let x be ((-70)/(-3))/(k/15). Calculate the highest common divisor of x and 140.
35
Suppose -2489 - 1585 = -13*m + 3388. What is the highest common factor of 1120 and m?
14
Let n(c) be the first derivative of 35*c**3/3 - 11*c**2/2 - 34*c + 124. Let i be n(-4). Calculate the highest common factor of i and 30.
30
Suppose 90*f - 97*f = -98. Let l be 9/6 + 763/f. Calculate the greatest common factor of l and 40.
8
Suppose -5*r = -5*p - 330, 10*r + 3*p + 262 = 14*r. Calculate the greatest common divisor of 5536 and r.
32
Let m(z) = 2*z**3 + z**2 - z - 6. Let o be m(-2). Let v = o - -148. Let y = v - 60. Calculate the greatest common divisor of 8 and y.
8
Let r = 425 + -411. Let a be 21*(0 + (-258)/(-9)). Calculate the highest common factor of r and a.
14
Suppose -4*q + 4*w = -276, 4*q - 203 - 52 = -3*w. Suppose -q = -2*z + 4*u, z + 4*z = -4*u + 109. What is the greatest common factor of z and 100?
25
Let h be 1 - (9 - 1) - (-9 + -98 + -38). Let d be (-3 - -211) + -4 - -3. What is the greatest common divisor of d and h?
69
Let s be 4 + (9 + -195)*3/9. Let c be 24 + -28 - -3*3 - s. Suppose -3*h + 48 = h + 4*k, -5*h + 36 = -3*k. What is the highest common factor of c and h?
9
Suppose 3*o - 6 = 0, 85*q - 82*q - 26 = -4*o. What is the greatest common factor of 579 and q?
3
Suppose 2*d - 4*n - 7408 - 1350 = 0, d - n = 4377. Calculate the highest common divisor of 140 and d.
35
Suppose 3*a - 1592 + 1603 = 2*n, 0 = -5*n + 76*a - 78*a + 246. Suppose -4*b - 161 - 135 = 0. Let s = b - -124. What is the highest common factor of s and n?
10
Let v(i) = i**3 + 15*i**2 + 20*i + 48. Let q be v(-13). Suppose -468 - q = -3*d. Let h be (-2)/6 + (-900)/(-27). What is the highest common factor of h and d?
33
Let t be (-166)/(-6) - (-10)/30. Let o(u) = 2*u**2 + t + 52 + 40 - u**3. Let w be o(0). What is the greatest common divisor of 24 and w?
24
Suppose 5*k - 44 = -6*k. Let w be (-1)/k - 194/(-8). Let y(b) = b**3 - 2*b + 3. Let x be y(3). What is the greatest common factor of x and w?
24
Suppose -3*q - 4*s + 577 = -165, 3*q = s + 722. Let d = -1097 - -1141. What is the greatest common divisor of d and q?
22
Suppose -2*o = 5*n - 295, 52 + 24 = n - 3*o. Suppose -4*c + 205 = n. Calculate the greatest common divisor of c and 45.
9
Suppose 813 = -91*y + 4089. Suppose -3*x - 35 = 5*s, 5*x = -4*s + 4 - 45. Let n be ((-18)/s)/((-3)/(-6)). Calculate the greatest common divisor of y and n.
9
Suppose -g - v = v, 0 = -4*g - v. Suppose 4*w - 4*y - 1776 = g, -20 = 4*y + y. Let p = 15 - -40. Calculate the greatest common divisor of w and p.
55
Let d = -25 + 249. Suppose -84 = -2*s - 5*f, 1 = -3*s + 5*f + 77. What is the highest common divisor of d and s?
32
Suppose -38 = -5*z + 3*h, 5*z - 62 = h - 4*h. Calculate the greatest common divisor of z and 106.
2
Let x = 167 + -149. Let t be -8*x/(-24) - -697. Calculate the greatest common divisor of t and 19.
19
Suppose 95*u - 14976 = 63*u. What is the greatest common factor of u and 1116?
36
Suppose -2*g - 2*p = -7*g - 15, p = 0. Let v(o) = 74*o - 21. Let b be v(g). Let n be (-3 - -1)*-1*b/(-18). Calculate the highest common factor of 135 and n.
27
Suppose 4*s - 1398 = 2*s - m, -3*m + 3494 = 5*s. Let x = -337 + s. Let n = -809856 + 809889. What is the highest common factor of x and n?
33
Suppose 0 = -3*v + 4*u - 35, 7*u - 2*u = -20. Let s = v + 41. Suppose 0 = 2*l - 76 + s. Calculate the greatest common factor of 39 and l.
13
Suppose 3*z = 4*j - 251, 4*j - 5*z = 128 + 109. Calculate the highest common factor of j and 5508.
68
Let f = -258 + 816. Calculate the highest common divisor of 450 and f.
18
Suppose -5*z = -5*a - 8*z + 490, -3*z = 3*a - 300. Let t = 119 - a. Calculate the highest common factor of 56 and t.
8
Let v(b) = b**2 - 12*b + 39. Let w be v(14). Let l = w + -61. Let k be 4/l - 5274/(-27). Calculate the highest common factor of 28 and k.
28
Let w(g) = -2*g**3 - 77*g**2 + 50*g - 50. Let a be w(-39). Let l = 489 + a. Calculate the greatest common divisor of 310 and l.
10
Suppose -2*m = 2*f - 8 - 4, 4*f = 16. Let s(g) = 38*g**2 - 2*g - 5. Let n be s(m). What is the greatest common factor of n and 65?
13
Let f(v) = -v**3 + 41 - 92*v**2 - 4*v - 8*v + 103*v**2. Let w be f(10). Calculate the highest common divisor of 147 and w.
21
Suppose 27 = 4*n - 5*c, n + 3*n + 5*c + 3 = 0. Suppose -55 = -2*j - n*j. Let v = -60 + 148. Calculate the greatest common factor of v and j.
11
Let v(y) = 94*y**2 + 4*y - 3. Let n be v(1). Let d = n - 98. Let j(r) = -44*r - 4. Let l be j(d). What is the highest common divisor of l and 320?
64
Suppose -871530 = 69*n - 278*n. What is the greatest common divisor of 120 and n?
30
Let k = -358 - -2000. What is the highest common factor of 2 and k?
2
Let o = 388 - 375. Let f(i) = 7*i + 41. Let x be f(o). Let m be ((-132)/(-9))/((-2)/(-6)). What is the highest common factor of m and x?
44
Suppose -3*z - 69 = -2*p, -2*p - 301 = z - 374. What is the highest common factor of 336 and p?
12
Suppose -278*a + 36720 = -254*a. What is the greatest common divisor of a and 18?
18
Let h(x) = -27*x - 1255. Let n be h(-55). Let y = 66 - 36. Calculate the greatest common divisor of n and y.
10
Suppose 58 = 190*f - 187*f - 2*c, f - c - 17 = 0. What is the highest common divisor of 1842 and f?
6
Suppose -9*g = -842 - 14233. Calculate the greatest common factor of 25 and g.
25
Let j(s) = -43*s**2 + 434*s + 17. Let q be j(10). What is the greatest common divisor of q and 133?
19
Let k be 0/2 + -11 + 8 + 3. Suppose 4*s - 102 = -6*x + 8*x, 2*x - 10 = k. What is the highest common divisor of 56 and s?
28
Let w(a) = -3*a - 12. Let k be w(-4). Suppose k = 6*q - 0*q - 156. Let n be (14 + -11)*q/12*2. Calculate the greatest common factor of 26 and n.
13
Let u(h) = 222 + 4*h - 22 - 2*h**2 + 3*h**2. Let p be u(0). Let c = 114 - 74. Calculate the greatest common divisor of c and p.
40
Suppose 375 = 16*s + 5*s - 108. Let u(i) = -4*i - 2*i - 4*i + 2. Let c be u(-9). Calculate the highest common divisor of c and s.
23
Suppose 0 = -5*r + i + 262522 - 29021, -4*r + 4*i + 186804 = 0. What is the highest common divisor of 100 and r?
100
Let o = -598 + 1042. Let c be o/16 - ((-9)/4 - -2). Calculate the highest common divisor of c and 49.
7
Let o be (89313/9 + 3)*(741/(-76) - -12). Calculate the highest common divisor of o and 15.
15
Suppose -2*y = y - 21. What is the highest common divisor of y and 623?
7
Let v(j) = -j**3 + 6*j**2 + 26*j + 54. Let y be v(9). Calculate the greatest common factor of 275 and y.
5
Let k(v) = -v**2 + 69*v**3 - 99*v + 0 - 2 + 101*v + 4*v**3. Let h be 2 - (-2)/(1 - 3). Let p be k(h). What is the highest common divisor of p and 108?
36
Suppose -8763 = -45*a - 798. Suppose -2*h - 4*u - u = -a, -5*u + 96 = h. What is the highest common factor of h and 567?
81
Suppose 6*o - 19242 - 4082 = -92*o. What is the greatest common factor of o and 49?
7
Let n(g) = 7*g - 36. Let d = 18 + -3. Let w be n(d). Let f = -36 + w. What is the greatest common divisor of 3 and f?
3
Let c be (-4 - (-7 + -23)/10) + 1*17. Calculate the greatest common factor of 22832 and c.
16
Let i be ((-168)/(-294))/(18/3339). Calculate the highest common divisor of 3233 and i.
53
Suppose -10 - 7 = d. Let g(f) = -f**3 - 16*f**2 + f - 27. Let n be g(d). Let u = n + -173. Calculate the highest common divisor of 48 and u.
24
Let b(w) = w**2 - w + 2. Let j be b(7). Let x be ((-6)/(-12))/(-2 - (-525)/